ase 15, what is -2c - -5?
-27
In base 2, what is 10 + -100?
-10
In base 14, what is -1552 + 2?
-1550
In base 10, what is -16 + -158?
-174
In base 4, what is 10123 - -2?
10131
In base 7, what is -2200 + -2?
-2202
In base 8, what is 1 + -122?
-121
In base 7, what is -3026 - 5?
-3034
In base 5, what is -2414200 + 2?
-2414143
In base 12, what is 0 - 9?
-9
In base 6, what is 0 - 25?
-25
In base 9, what is -1 + 82?
81
In base 6, what is -432042 + 5?
-432033
In base 2, what is 1110 + 1011?
11001
In base 12, what is -2b - -2?
-29
In base 14, what is -735 - 6?
-73b
In base 4, what is -12112 + 0?
-12112
In base 14, what is 172 + -10?
162
In base 3, what is -11002100 + -10?
-11002110
In base 7, what is -5 - -11?
3
In base 5, what is -32 + -4?
-41
In base 14, what is -90 - 5?
-95
In base 3, what is 111 - -2100?
2211
In base 15, what is 3 - a0?
-9c
In base 15, what is d5b + 2?
d5d
In base 9, what is -42 - 4?
-46
In base 11, what is 1582 + 2?
1584
In base 14, what is -5 + 92?
8b
In base 12, what is -5 + -7?
-10
In base 7, what is 1 + 1213?
1214
In base 14, what is 2 + -38?
-36
In base 6, what is 1115 - 5?
1110
In base 4, what is -2 - 132030?
-132032
In base 16, what is -5 + 174?
16f
In base 15, what is 16 + 6?
1c
In base 2, what is -100 + -11001100111?
-11001101011
In base 9, what is -1146 - 2?
-1148
In base 13, what is -4 + -3a6?
-3aa
In base 8, what is 4 - -63?
67
In base 6, what is 414 - 121?
253
In base 6, what is 2 - -115?
121
In base 15, what is -6 - -7?
1
In base 9, what is 15 - -4?
20
In base 2, what is -1 + -100011101?
-100011110
In base 15, what is 2 - 252?
-250
In base 6, what is 402 + 5?
411
In base 8, what is -5 + -3?
-10
In base 8, what is -4 + 53?
47
In base 10, what is -44 - -6?
-38
In base 15, what is -3 - -32?
2e
In base 16, what is -c9 - 6?
-cf
In base 14, what is 9 + -31c?
-313
In base 8, what is 10 + 50?
60
In base 16, what is 7ad - -4?
7b1
In base 5, what is -3 + 131?
123
In base 4, what is 101323 + 13?
102002
In base 11, what is 40a - 4?
406
In base 3, what is -12 + 11212?
11200
In base 15, what is b + 9?
15
In base 5, what is -31 - -141?
110
In base 3, what is -11 + 2212221?
2212210
In base 2, what is -11 - -101010?
100111
In base 4, what is 0 - -1101?
1101
In base 14, what is -5 - -351?
34a
In base 7, what is -33 - 43?
-106
In base 2, what is -11010010010 + 101?
-11010001101
In base 7, what is -15 + 202?
154
In base 12, what is -7ba + 1?
-7b9
In base 14, what is 4c + a?
58
In base 6, what is 152 - -52?
244
In base 16, what is -270b - -4?
-2707
In base 2, what is 1 + -111100011?
-111100010
In base 7, what is -2 - 32?
-34
In base 4, what is -311 - 2313?
-3230
In base 4, what is 1013 + -23?
330
In base 11, what is -61 - -16?
-46
In base 14, what is 4 + -c36?
-c32
In base 2, what is 1101 - 100001111?
-100000010
In base 4, what is 212 + 322?
1200
In base 13, what is 344 - -5?
349
In base 4, what is 1121 + 0?
1121
In base 14, what is cdb + 1?
cdc
In base 8, what is 4 + -364?
-360
In base 7, what is -2 + 1624?
1622
In base 5, what is -4220 + 12?
-4203
In base 13, what is -3 - 13?
-16
In base 10, what is 3 + 35?
38
In base 5, what is 3 + -44?
-41
In base 10, what is 1398 - 5?
1393
In base 3, what is 1201 + -1200?
1
In base 12, what is -38 + 4?
-34
In base 3, what is 2020 + -10111?
-1021
In base 14, what is 1 - -70d?
710
In base 12, what is 6 - 4?
2
In base 12, what is -3 - 65?
-68
In base 13, what is -15 - -3a9?
394
In base 3, what is -11 - -201110?
201022
In base 16, what is -6c7 + -1?
-6c8
In base 12, what is -a - -514?
506
In base 10, what is -17 - 1?
-18
In base 10, what is 2 + 689?
691
In base 4, what is -10 + 23?
13
In base 8, what is 7 - -223?
232
In base 10, what is -948 + -12?
-960
In base 8, what is -50 - 17?
-67
In base 7, what is 464 - 4?
460
In base 14, what is 4 - -84?
88
In base 15, what is 3 + -62?
-5e
In base 12, what is 4 + 41?
45
In base 5, what is -10 - 1002?
-1012
In base 4, what is -2 + 110333?
110331
In base 4, what is -3 + 202?
133
In base 15, what is 6d + -a?
63
In base 13, what is 5 + -148?
-143
In base 13, what is -c8 - 5?
-100
In base 14, what is -3626 - 4?
-362a
In base 12, what is -5 + -86?
-8b
In base 16, what is -1 - 4b4?
-4b5
In base 8, what is 14 - -221?
235
In base 13, what is 80 - -12?
92
In base 6, what is 1 + -1212?
-1211
In base 7, what is -355 + 41?
-314
In base 12, what is -1 - -1b3?
1b2
In base 6, what is 113 + 345?
502
In base 3, what is -1012 - -1100?
11
In base 11, what is -1321 - 0?
-1321
In base 10, what is -84 + -145?
-229
In base 3, what is 211 - -20?
1001
In base 6, what is 3020 + 4?
3024
In base 6, what is -12322 + -5?
-12331
In base 3, what is 10102020 + -20?
10102000
In base 10, what is 830 + 5?
835
In base 6, what is 3 + 4005?
4012
In base 14, what is 365 + 0?
365
In base 16, what is -90 - 0?
-90
In base 8, what is -1401 - -1?
-1400
In base 8, what is 26 - 1?
25
In base 12, what is -5 - 47?
-50
In base 2, what is -10110 + -1001?
-11111
In base 12, what is -89 - 5?
-92
In base 4, what is -312 - 1?
-313
In base 15, what is 2c + 0?
2c
In base 16, what is 118 - -1?
119
In base 7, what is 5 - 142?
-134
In base 4, what is -2 + -233?
-301
In base 10, what is -110 - -94?
-16
In base 16, what is -65a + 1?
-659
In base 14, what is -1 + -109a?
-109b
In base 14, what is -4 + 3b2?
3ac
In base 10, what is 3 - -109?
112
In base 15, what is 175 - 4?
171
In base 12, what is 4 - 112?
-10a
In base 3, what is -200 - 112?
-1012
In base 12, what is 552 - -5?
557
In base 2, what is -11000111 - 1001100?
-100010011
In base 15, what is -2 + 3?
1
In base 13, what is 4232 + 0?
4232
In base 11, what is -191 - -5?
-187
In base 3, what is 20 + -1002?
-212
In base 6, what is -2 + 2000?
1554
In base 6, what is -5 + -1050?
-1055
In base 16, what is -e + 23?
15
In base 9, what is -40 - 22?
-62
In base 14, what is -3 - 14b?
-150
In base 9, what is 360 + 10?
370
In base 11, what is 384 - -4?
388
In base 14, what is 115 - 6?
10d
In base 4, what is -103020 - -10?
-103010
In base 13, what is -381 - -2?
-37c
In base 12, what is -32 - -1?
-31
In base 3, what is 12 + -1202?
-1120
In base 4, what is -103 - 13003?
-13112
In base 9, what is 4 + 605?
610
In base 5, what is -104114 - -11?
-104103
In base 14, what is b + -93?
-86
In base 6, what is -3 + -21?
-24
In base 13, what is -7 - 10?
-17
In base 3, what is 220212 + -1?
220211
In base 6, what is -4 + -2025?
-2033
In base 15, what is -6 - -21?
1a
In base 4, what is 13211 + -3?
13202
In base 15, what is -225 - -3?
-222
In base 13, what is -35b - -5?
-356
In base 16, what is -2 + 169b?
1699
In base 6, what is 3 - 1135?
-1132
In base 14, what is 10d0 - 0?
10d0
In base 13, what is 66 - -134?
19a
In base 15, what is -2 + -177?
-179
In base 8, what is 6000 - -4?
6004
In base 5, what is 4 + -32221?
-32212
In base 4, what is 10 - 313?
-303
In base 2, what is -11 - 11010010?
-11010101
In base 15, what is -29 - -21?
-8
In base 16, what is -456 - -4?
-452
In base 10, what is 2 + -149?
-147
In base 9, what is -5 - 1050?
-1055
In base 11, what is -923 - 12?
-935
In base 13, what is -35 + -6?
-3b
In base 5, what is 1 - -1334?
1340
In base 6, what is -11250 - 1?
-11251
In base 16, what is -4 + -18?
-1c
In base 13, what is -528 - 3?
-52b
In base 8, what is -2246 - -3?
-2243
In base 14, what is b - b7?
-aa
In base 7, what is 24433 + -2?
24431
In base 10, what is -166 - 2?
-168
In base 9, what is 4 + 512?
516
In base 14, what is 584 + -b?
577
In base 4, what is -21 + -1?
-22
In base 8, what is -5 - 3?
-10
In base 15, what is 23 + 12?
35
In base 9, what is -144 + -3?
-147
In base 7, what is -34 - 5?
-42
In base 12, what is -1 - -252?
251
In base 14, what is b - 5c?
-51
In base 3, what is -10 - 1100202?
-1100212
In base 7, what is -2021 - 0?
-2021
In base 16, what is 223 + -1?
222
In base 10, what is 1 - 522?
-521
In base 16, what is -689 - 1?
-68a
In base 6, what is 15453 - 3?
15450
In base 12, what is -11 - 33?
-44
In base 6, what is 2 + 4214?
4220
In base 15, what is a + -3e0?
-3d5
In base 10, what is 15 - 0?
15
In base 4, what is 2 + -13233?
-13231
In base 11, what is 7 + 10?
17
In base 16, what is 171 + -2?
16f
In base 11, what is 1089 - -2?
1090
In base 3, what is 10120 - 102?
10011
In base 12, what is -2 - -2086?
2084
In base 15, what is 6bc - -3?
6c0
In base 9, what is -1 + 70?
68
In bas